 i(d). Determine h(5).
-5
Let h(u) = -48*u - 6. Let w be h(3). Let s be 3/(6/(-10))*210/w. Let z(f) = -f**2 + 8*f - 8. What is z(s)?
-1
Let q(d) = -6*d**2 + 4*d + 1. Let k be q(1). Let c(t) = 3*t**2 + 2*t - 1 + 2 - t**2 - t**2. Give c(k).
0
Let k(p) be the third derivative of -p**5/60 - 7*p**4/24 + p**3/3 + 33*p**2. Give k(-8).
-6
Let f be (-2)/8 - (-2)/8. Let o(k) = 0*k + f - 2*k**2 + 5*k + 0*k - 4. Suppose 0 = 5*p + 3*m - 30, m - 5 = p - 3. What is o(p)?
-7
Let x(u) = -3*u. Let b(d) = -d**3 + 10*d**2 + 7*d - 6. Let t be b(10). Suppose -55 = 3*o - t. Determine x(o).
-9
Let h(d) = -d**2 - d - 1. Let s(u) be the third derivative of u**6/120 - u**5/30 - u**4/6 + u**3/3 - 7*u**2. Let l(x) = 4*h(x) + s(x). Determine l(7).
-9
Let b(w) = -w**3 + w - 1. Let q(o) = 2*o**2 + 39*o + 144. Let l be q(-4). Let d be (1/(-2))/((-2)/(-84)). Let m be l/14 - (-9)/d. Calculate b(m).
-1
Suppose -24 = -2*u + 6*u. Let k be u/33 - (-26)/22. Let g(p) = -3*p + 1. Let b(a) = 13*a - 4. Let f(q) = -2*b(q) - 9*g(q). What is f(k)?
0
Let h(v) be the second derivative of -v**3/6 + 2*v**2 + 429*v. What is h(-7)?
11
Let b be 1/(-2) - (-259)/74. Let g(l) be the third derivative of 1/12*l**5 + 0 - 2/3*l**b + 0*l + 9*l**2 + 1/120*l**6 + 1/8*l**4. Calculate g(-4).
0
Let u(b) = -2*b + 1 + 6*b + 2*b. Let f(s) = -s**2 - 7*s - 14. Let q be f(-4). Calculate u(q).
-11
Suppose -18 = 6*x + 18. Let k(w) be the first derivative of w**3/6 + w - 1. Let d(u) be the first derivative of k(u). Calculate d(x).
-6
Let x(y) = -3*y - 5. Let v be x(-3). Suppose 0 = -5*l - 4*s - v - 1, s = -2*l + 1. Let w(h) = 4*h - 3 - l*h - 1. Calculate w(6).
2
Let g(c) = c - 4*c - 3*c + 7*c - 7. Let o be g(7). Let u(l) = 3*l - 3*l - 6*l + o + 1. Give u(1).
-5
Let r(t) = 10 - 2*t + 51*t**3 + 8*t**2 - 50*t**3 - 2*t**2 - 3*t. What is r(-7)?
-4
Let b(o) be the third derivative of -3*o**5/20 - o**4/24 + 2*o**2. Let x(d) = -d**2 + 3*d + 4. Let j be x(-2). Let g be ((-20)/j + -3)/((-2)/6). Give b(g).
-8
Let f(c) = -1 + 1 - c + 7*c**2. Suppose 0 = 18*u - 18. Calculate f(u).
6
Suppose 5*i + c - 288 = -2*c, -2*c + 232 = 4*i. Let x = 55 - i. Let t(s) = -s**3 - 5*s**2 - s - 6. Give t(x).
-1
Let f(i) = 3*i**3 - 1 + i**3 - 2*i**2 - 3*i**3 - 5*i + 0*i**3. Let o be ((-20)/(-50))/((-2)/10) - -6. What is f(o)?
11
Suppose 465 = -5*y - 5*o, -2*y + 0*o = o + 190. Let i = -103 - y. Let d(h) = -h**2 - 3*h + 7. Determine d(i).
-11
Let x(c) be the third derivative of -c**5/60 - c**4/8 + 11*c**3/6 + 5*c**2 - 2*c. Calculate x(-8).
-29
Let i(y) = 145*y**2 + 141*y**2 - 4 + 8*y + y - 287*y**2. Calculate i(10).
-14
Let j be (4/28*-10)/(8/56). Let z(l) = l**2 + 12*l + 17. Determine z(j).
-3
Suppose -o = -3*o - 2. Let s(w) = 54 + 7*w**2 - 55 + 4*w**2. Determine s(o).
10
Let b(j) = -j**2 + 7*j - 7. Suppose 3 = 4*g - 7*g. Suppose 317*w - 327*w = 10. Let m be -1*(w + g) + 4. Give b(m).
-1
Let h(m) = m**3 + 2*m**2 + 2*m - 1. Let s be h(-2). Let t(b) be the first derivative of 0*b**2 + b - 28 - 5/3*b**3 - 1/4*b**4. Calculate t(s).
1
Let y(x) = 5*x**3 + 6*x**2 - 12*x + 9. Let u(k) = 7*k**3 + 5*k**2 - 13*k + 9. Let r(a) = 2*u(a) - 3*y(a). What is r(-9)?
-18
Let i(s) be the second derivative of s**4/8 - 29*s**2/2 - 3*s. Let v(b) be the first derivative of i(b). Give v(-3).
-9
Let h(l) = -39*l - 9. Let c(p) = -88*p - 17. Let a(s) = 4*c(s) - 9*h(s). What is a(4)?
9
Let j = 49 + -46. Let f(v) = 0*v - j - v + 12*v**2 + 3*v + 2. Determine f(1).
13
Let k(r) = -2*r - 12. Let u(g) = -4*g - 55. Let f be u(-13). Determine k(f).
-6
Suppose -n + 3 = -4*d, 3*n - 3 = 2*n - d. Suppose -3*r + 4*k + 0 = -17, 0 = -2*r + k + n. Let u(b) = -7*b**3 - 1. Give u(r).
6
Let d(p) = p - 2. Let m be d(-2). Suppose 7*t = t + 30. Let r(n) = 4 + t*n - 3*n - 4*n. Calculate r(m).
12
Let o(i) = -i**2 - i + 9. Let b(r) = r**2 + 11*r - 1. Let c be b(-14). Let q = 41 - c. Give o(q).
9
Let u be (-665)/(-10) + 2*1/(-4). Suppose -4*r - 54 = -u. Let d(y) = -2*y**3 + 4*y**2 + 3. Calculate d(r).
-15
Let r(y) = 138*y + 30*y**2 - 151*y + 13 - 29*y**2. Determine r(10).
-17
Let p = 1085 - 1094. Let a(v) be the second derivative of -v**5/20 - 3*v**4/4 - v. Determine a(p).
0
Let z(c) = c**2 + 5 + 0*c**3 - 1 + 6 - c**3 + c. Suppose 5 = 5*q, -2*v - 3 = 2*q - 9. Suppose -h - 4 = 4*h - 4*y, -h = 2*y - v. Give z(h).
10
Let g(u) = -4*u + 8. Let z(w) be the second derivative of -w**3/3 + 2*w**2 + 9*w. Let d(k) = 2*g(k) - 5*z(k). Suppose 18 = 2*s + s. Calculate d(s).
8
Let m(i) = -7*i**2 - 3*i + 1. Suppose 11 = 3*u + 2*y, u = 2*y - 5 - 2. What is m(u)?
-9
Let y = 38 - 33. Let c(v) = -2*v - 6 - y + 4. Give c(-5).
3
Let d = -4 - -5. Suppose 3*f - 13 = -d. Let l(y) = -10*y + 10. Let a(p) = -p + 1. Let k(w) = -18*a(w) + 2*l(w). What is k(f)?
-6
Let r(f) = -f**2 - 3*f. Let g(p) = -p**3 - p**2 - 7*p - 7. Let n be g(-4). Let a = n + -75. Determine r(a).
-18
Suppose 14*p - 7*p - 56 = 0. Let u(j) = -j**2 + 6*j - 4. Give u(p).
-20
Let a(t) = 21012 - 3*t**2 + t + t**2 - 21010. Suppose -3*g = -g - 6. Calculate a(g).
-13
Let c be (-4)/((-1 - 2) + 1). Suppose -4*h + w = -15, -17 - 4 = -5*h + 2*w. Let o(u) = 6*u**h - u**2 + 2*u - 14*u**3 + 7*u**3. Give o(c).
-8
Suppose -2*s = -s. Let r = -3 - s. Let c(x) be the first derivative of -x**4/4 - x**3 + x**2/2 + 7. Calculate c(r).
-3
Let a(s) = -s**3 - 5*s**2 - 5*s - 5. Let p = 41 + -57. Let k be 25/(-10)*p/(-10). Calculate a(k).
-1
Let j = -3 - -8. Let l(x) = -2*x**2 - 8 + j*x + 2 + x**2. Let c be 1/(-2)*(-5 - 3). What is l(c)?
-2
Let f be 2/(-14) + (-4500)/(-630). Let z(d) = -d**3 - 6*d**2 + 8*d + 3. Let v(m) = m**3 - m**2 - m - 1. Let q(k) = 2*v(k) + z(k). Give q(f).
-6
Let n be (1*-1)/(2/6). Let p(h) = 23*h**3 + 2*h**2 + 24*h**3 + 31*h**3 - 77*h**3 + h. What is p(n)?
-12
Let t be -5 - -26*8/16. Let j(d) = -d**2 + 2*d**2 - 4*d - 4 - 4*d. What is j(t)?
-4
Let x(c) = -c**3 + 8*c**2 + 10*c + 1. Suppose 5*f - 4*f - 9 = 0. Determine x(f).
10
Let j(k) = 13*k**3 + 2 + 2*k**2 - 4 + 1. Let c = -90 + 94. Suppose -40*o - c = -44*o. What is j(o)?
14
Let v(u) = -17*u**2 + 13*u - 12. Let h(n) = -8*n**2 + 6*n - 5. Let a = -5 - -8. Let g(x) = a*v(x) - 7*h(x). Determine g(-2).
25
Let v be (8/(-32))/((-3)/60). Let r(i) = -2*i + 12. Determine r(v).
2
Let x = -1063 - -1048. Let j(l) = -l**2 - 13*l + 34. Calculate j(x).
4
Let d(v) = v. Let r be d(0). Let m(y) be the first derivative of -4 - 1/2*y**2 - 6*y - 1/3*y**3. What is m(r)?
-6
Let h = -67 + 59. Let q(r) = -r**3 - 8*r**2 - 5. Calculate q(h).
-5
Let m(s) be the second derivative of s**8/6720 + s**7/504 - s**6/120 + s**5/120 - s**4/3 - 4*s. Let h(w) be the third derivative of m(w). Give h(-6).
1
Let s(v) be the second derivative of -v**4/12 - 4*v**3/3 - 5*v**2/2 - 10*v. Determine s(-6).
7
Suppose 0 = 41*o - 27*o. Suppose 5*y = 36 + 64. Let l(b) = -14*b**2 - 3 - b**3 + y*b**2 + 7*b + o*b**3. What is l(7)?
-3
Let v(h) = 3*h**2 + 6*h - 3. Let z(b) = -b**2. Let s(p) = v(p) + 5*z(p). Let w = 138 + -134. What is s(w)?
-11
Let y(d) = 8*d - 15*d - 1 + 6 + 8*d. Determine y(-5).
0
Let o(y) = -9*y - 34. Let l be o(-4). Suppose -l*b = 2, 14*k - 12*k + 4*b = 6. Let v(d) = -d**2 - 1. Calculate v(k).
-26
Let f(t) = -14*t + 2 - 11*t + 44*t - 18*t. Determine f(-8).
-6
Let z(t) = 17*t**3 + t**2 + t + 1. Let c = -565 - -564. Determine z(c).
-16
Let o(g) = -3*g**2 + 16*g + 20. Let d be o(6). Let a(p) = -p**3 + 8*p**2 + 2*p - 10. Calculate a(d).
6
Suppose -z + 7*z = 60. Suppose o = 2*k + 5, o + z = -3*k + 2*k. Let q(c) = 3*c + 4. What is q(o)?
-11
Suppose 58 = 13*z + 6. Let x(o) be the first derivative of -1 + 5/2*o**2 - 1/4*o**z + o + o**3. Calculate x(4).
5
Let x = 13 + -14. Let t = x + 2. Let w(u) = -3*u**2 - u - 4. Let v(i) = 4*i**2 + i + 5. Let j(h) = 4*v(h) + 5*w(h). Calculate j(t).
0
Let z(f) = f**2 + f + 13. Let j(y) = -y**2 + 14*y - 17. Let h be j(12). Suppose 0 = -0*s - h*s. What is z(s)?
13
Let a(g) = g**3 - 14*g**2 + 12*g + 9. Let w be a(13). Let x be w/10*10/4. Let c(j) = j**3 + j**2 + 1. What is c(x)?
1
Let b(c) be the first derivative of -c**2/2 - 8*c + 3. Let t = -178 + 170. Calculate b(t).
0
Let o(s) be the first derivative of 4/3*s**3 - 2 + 0*s**2 + 0*s. Let x = -58 - -59. Determine o(x).
4
Let u(m) be the second derivative of -m**4/12 + 7*m**3/6 + m**2/2 - 51*m. Give u(5).
11
Let b(m) be the second derivative of -m**5/15 - m**4/24 + 11*m**2/2 